s 0 + -a2?
-a2
In base 5, what is -33 + -11?
-44
In base 12, what is -4 - 58?
-60
In base 3, what is 11 - 10121122?
-10121111
In base 6, what is 11345 + 3?
11352
In base 4, what is -1 + 13302?
13301
In base 10, what is -4 + -9?
-13
In base 6, what is -252 - 134?
-430
In base 6, what is -52 + 4?
-44
In base 4, what is 110012 - -23?
110101
In base 9, what is 0 + 6?
6
In base 6, what is -41 - -252?
211
In base 7, what is -5 + 1610?
1602
In base 7, what is 1 - -6503?
6504
In base 12, what is 77 + -13?
64
In base 10, what is 100 - 14?
86
In base 7, what is 24024 + 3?
24030
In base 7, what is 62 + 341?
433
In base 4, what is 20103 - 11?
20032
In base 12, what is -2 + -436?
-438
In base 10, what is 140 + -32?
108
In base 14, what is ac - 0?
ac
In base 3, what is 1102000 + -11?
1101212
In base 15, what is -26d + 1?
-26c
In base 6, what is -250 - 113?
-403
In base 16, what is -17 - 20?
-37
In base 7, what is 202 + 0?
202
In base 13, what is 406 + 3?
409
In base 2, what is -110011 + -11?
-110110
In base 16, what is 6 + -3f3?
-3ed
In base 11, what is -45 - -4?
-41
In base 15, what is 1 + 17?
18
In base 5, what is 4 + 2?
11
In base 9, what is 34 - -1022?
1056
In base 14, what is -4 + 5cd?
5c9
In base 10, what is -1298 + -5?
-1303
In base 13, what is 12 - 6?
9
In base 3, what is 10 - -120010?
120020
In base 6, what is -2402 - -5?
-2353
In base 12, what is 170a0 + 5?
170a5
In base 13, what is -c - 115?
-124
In base 3, what is -12 - 1020020?
-1020102
In base 3, what is -20 + -120?
-210
In base 12, what is 0 + a?
a
In base 14, what is -a9 + -11?
-ba
In base 14, what is -1 - 34?
-35
In base 5, what is 1043 + 100?
1143
In base 6, what is -55 - 24?
-123
In base 9, what is -20 + -6?
-26
In base 7, what is 15140 - -4?
15144
In base 5, what is -40 - -423?
333
In base 2, what is -1 - -11111110?
11111101
In base 10, what is 4 + -2896?
-2892
In base 8, what is -67 - 306?
-375
In base 8, what is 17 + 76?
115
In base 6, what is -14 + 125?
111
In base 8, what is -3154 + 0?
-3154
In base 2, what is -100 - 1101011?
-1101111
In base 8, what is 1025 + -3?
1022
In base 13, what is -776 - -3?
-773
In base 5, what is 32 + 421?
1003
In base 3, what is -112 + 2001?
1112
In base 7, what is 124 - -1?
125
In base 13, what is -2 + 37?
35
In base 3, what is -1112 - -1220?
101
In base 3, what is 1022002 + -2?
1022000
In base 15, what is cc - 3?
c9
In base 10, what is 1997 - 5?
1992
In base 7, what is -455 - 4?
-462
In base 6, what is 2432 + 2?
2434
In base 12, what is -5 + -10?
-15
In base 6, what is 2355 + -13?
2342
In base 12, what is 4 + 147?
14b
In base 16, what is 30c + 4?
310
In base 12, what is 35 + -2?
33
In base 8, what is -130 + -1?
-131
In base 16, what is 4 + 282?
286
In base 12, what is -49 + 0?
-49
In base 2, what is 100010011 + 101?
100011000
In base 6, what is -4 - 15335?
-15343
In base 3, what is -1 - 21202?
-21210
In base 11, what is 4 + -96?
-92
In base 5, what is -2 + 0?
-2
In base 16, what is -4 - -60?
5c
In base 14, what is -3 - -24?
21
In base 6, what is -5 + 411?
402
In base 5, what is -1043 + -41?
-1134
In base 11, what is -30 - 26?
-56
In base 12, what is 5a6b + -2?
5a69
In base 2, what is 1 - 101101?
-101100
In base 11, what is 11 - 394?
-383
In base 7, what is -5 + 22?
14
In base 6, what is 41 - 12?
25
In base 15, what is 4d3 + -8?
4ca
In base 3, what is 100 + 101?
201
In base 8, what is -4071 + -3?
-4074
In base 5, what is 21043 - 4?
21034
In base 16, what is 3d - -6b?
a8
In base 15, what is -6c87 - -4?
-6c83
In base 9, what is 18 - -10?
28
In base 7, what is -23550 - 4?
-23554
In base 10, what is 207 - -5?
212
In base 9, what is -12 + 45?
33
In base 9, what is -2338 - 5?
-2344
In base 14, what is 37c0 - 2?
37bc
In base 7, what is 5 - -22?
30
In base 3, what is -200001 - -222?
-122002
In base 7, what is -32 - 0?
-32
In base 8, what is -5 - -121?
114
In base 13, what is -1 - -a1?
a0
In base 10, what is 4 - -411?
415
In base 9, what is 34328 + -4?
34324
In base 15, what is 4 - -678?
67c
In base 9, what is -187 + -5?
-203
In base 6, what is 445 + 212?
1101
In base 7, what is 625 + 5?
633
In base 13, what is 11a21 - -5?
11a26
In base 14, what is 3 - 10?
-b
In base 10, what is 62 + -5?
57
In base 9, what is 4 - -2344?
2348
In base 14, what is -10b + -5?
-112
In base 11, what is 22 - 142?
-120
In base 14, what is -4 - 3b?
-41
In base 13, what is -1 + 25?
24
In base 10, what is -19 + 75?
56
In base 9, what is 5 + -115?
-110
In base 15, what is -13e + -4?
-143
In base 3, what is -1 + 22?
21
In base 10, what is 5 - 24?
-19
In base 4, what is -121023 + 13?
-121010
In base 9, what is 231 + -65?
155
In base 10, what is 2 + 57?
59
In base 7, what is -33 - 126?
-162
In base 11, what is 8a + 2?
91
In base 5, what is 1 + -14144?
-14143
In base 11, what is -5 - -49?
44
In base 16, what is -4 - 17f?
-183
In base 5, what is -4021 - 4?
-4030
In base 9, what is -132 - 6?
-138
In base 3, what is -10 + 2212?
2202
In base 2, what is -1001100111 + -100?
-1001101011
In base 11, what is -4 + aa8?
aa4
In base 2, what is 11 - -10000101101?
10000110000
In base 3, what is -12102121 - 0?
-12102121
In base 8, what is 135 + -4?
131
In base 13, what is 63 - -2?
65
In base 12, what is -5 + -3286?
-328b
In base 13, what is 755 + -2?
753
In base 16, what is -33 - -40?
d
In base 16, what is 3 + -803?
-800
In base 8, what is -263 - 33?
-316
In base 12, what is 1 + 37a?
37b
In base 5, what is -20111 - -13?
-20043
In base 4, what is -20 + -1113?
-1133
In base 11, what is 2 + 42?
44
In base 16, what is 9c + e?
aa
In base 6, what is 4232 - -5?
4241
In base 4, what is 0 - 20120?
-20120
In base 11, what is 37 - -3?
3a
In base 6, what is -252 - 135?
-431
In base 12, what is -133 - -4?
-12b
In base 11, what is a4 - -1?
a5
In base 11, what is 4 + -72?
-69
In base 9, what is 13102 - -3?
13105
In base 10, what is -4 - -64?
60
In base 11, what is -8 - 14?
-21
In base 5, what is 22 + -4?
13
In base 12, what is -63 + -3?
-66
In base 9, what is 30 + 10?
40
In base 5, what is 3 + -11?
-3
In base 3, what is -22 - 10001?
-10100
In base 7, what is 1 + 1055?
1056
In base 11, what is -43 + -279?
-311
In base 5, what is -10 + -44?
-104
In base 7, what is 13 - -106?
122
In base 8, what is 1133 + 35?
1170
In base 2, what is -1110001100 - 10?
-1110001110
In base 5, what is 322 + -4?
313
In base 10, what is -1 - -48?
47
In base 8, what is -11 - 32?
-43
In base 11, what is -56 + 11?
-45
In base 7, what is 400 - -3?
403
In base 8, what is 20 - 16?
2
In base 13, what is -4c4 - -17?
-4aa
In base 11, what is -4 + 26?
22
In base 3, what is -10 - 2010?
-2020
In base 8, what is 2 - 7?
-5
In base 11, what is -3 - 40?
-43
In base 9, what is -23 + -10?
-33
In base 4, what is -120331 + -3?
-121000
In base 12, what is 46 - 0?
46
In base 8, what is -556 - 2?
-560
In base 14, what is b - -8b?
98
In base 2, what is -100 - -111010100?
111010000
In base 9, what is -3 + -131?
-134
In base 14, what is c - 110?
-102
In base 15, what is c + -3?
9
In base 14, what is 4b + -11?
3a
In base 6, what is 22 - -1?
23
In base 3, what is -121 - -1000?
102
In base 16, what is 0 + 289?
289
In base 8, what is 0 + -1340?
-1340
In base 2, what is -101 - -111111110?
111111001
In base 7, what is -42261 + 4?
-42254
In base 2, what is -1 + 10001101?
10001100
In base 13, what is -19 - -b?
-b
In base 3, what is -10 + -2221?
-10001
In base 6, what is 3 - 315?
-312
In base 6, what is 3535 - 5?
3530
In base 8, what is 22 + -110?
-66
In base 3, what is -101 - 102202?
-110010
In base 11, what is -40 - -39a?
35a
In base 13, what is -ab - -1?
-aa
In base 6, what is 52 - -11?
103
In base 4, what is -12212 + 3?
-12203
In base 13, what is -1 - -9c1?
9c0
In base 4, what is 11 + -321?
-310
In base 2, what is -11 + -1011111110?
-1100000001
In base 12, what is 35 - 4b?
-16
In base 10, what is 0 - -28?
28
In base 10, what is -634 - -3?
-631
In base 14, what is -2 + -1c0?
-1c2
In base 2, what is 10 + 111000?
111010
In base 11, what is -11 + -2a8?
-309
In base 5, what is -210 - 11?
-221
In base 5, what is 23332 - -10?
23342
In base 4, what is -22000 + 10?
-21330
In base 5, what is 41 - 4?
32
In base 5, what is -24 - 102010?
-102034
In base 5, what is -1114 + -1?
-1120
In base 12, what is -3499 - 0?
-3499
In base 15, what is -5 + b77?
b72
In base 12, what is -1 - 3387?
-3388
I